{"id":35015,"date":"2018-11-13T10:27:47","date_gmt":"2018-11-13T10:27:47","guid":{"rendered":"https:\/\/www.a-emotionallight.com\/vento-collection\/"},"modified":"2022-12-31T15:57:59","modified_gmt":"2022-12-31T15:57:59","slug":"coleccion-vento","status":"publish","type":"page","link":"https:\/\/www.a-emotionallight.com\/es\/coleccion-vento\/","title":{"rendered":"colecci\u00f3n vento"},"content":{"rendered":"<section class=\"wpb-content-wrapper\"><p>[vc_row row_type=\u00bbrow\u00bb use_row_as_full_screen_section=\u00bbno\u00bb type=\u00bbfull_width\u00bb text_align=\u00bbleft\u00bb background_animation=\u00bbnone\u00bb css_animation=\u00bb\u00bb][vc_column el_class=\u00bbgeogrotesque_title background_dark\u00bb][vc_column_text el_class=\u00bbtitle_collection\u00bb]<\/p>\n<h2 style=\"text-align: center; padding-bottom: 0px;\">COLECCI\u00d3N VENTO<\/h2>\n<p>[\/vc_column_text][\/vc_column][\/vc_row][vc_row row_type=\u00bbrow\u00bb use_row_as_full_screen_section=\u00bbno\u00bb type=\u00bbfull_width\u00bb text_align=\u00bbleft\u00bb background_animation=\u00bbnone\u00bb css_animation=\u00bb\u00bb][vc_column][vc_column_text css=\u00bb.vc_custom_1624429469785{padding-top: 40px !important;padding-bottom: 40px !important;padding-left: 40px !important;}\u00bb]<\/p>\n<h2 class=\"button_back_all_lamps\" style=\"text-align: left; text-decoration: none;\"><a href=\"https:\/\/www.a-emotionallight.com\/es\/lamparas\/\">\u2190 TODAS LAS L\u00c1MPARAS<\/a><\/h2>\n<p>[\/vc_column_text][\/vc_column][\/vc_row][vc_row row_type=\u00bbrow\u00bb use_row_as_full_screen_section=\u00bbno\u00bb type=\u00bbfull_width\u00bb text_align=\u00bbleft\u00bb background_animation=\u00bbnone\u00bb css_animation=\u00bb\u00bb][vc_column]<div class='projects_holder_outer v3 portfolio_with_space portfolio_with_hover_text  qode-filter-position-top'>\n\n<div class='projects_holder clearfix v3 hover_text portfolio_default_image '>\n\n<article class=\"mix portfolio_category_96 portfolio_category_25 portfolio_category_32\">\n    <div class='image_holder overlapping_title_hover'>\n        \n<span class='image'><img loading=\"lazy\" decoding=\"async\" width=\"548\" height=\"498\" src=\"https:\/\/www.a-emotionallight.com\/wp-content\/uploads\/2016\/03\/VN04_thumb.gif\" class=\"attachment-portfolio-default size-portfolio-default wp-post-image\" alt=\"\" \/><\/span>\n                    <a class='portfolio_link_class' href='https:\/\/www.a-emotionallight.com\/es\/portfolio_page\/vento\/' target='_self'><\/a>\n\t\t\n        <div class=\"text_holder\">\n\t<h4 class=\"portfolio_title\" > Vento<\/h4><span class=\"excerpt search_hidden\">\n\t\u00b7 \t\t\tRef.\u00a0VN04-LD  | Una colecci\u00f3n hecha en vidrio que evoca el movimiento sinuoso de un viento suave. Estas elegantes luminarias, formadas por la sucesi\u00f3n de peque\u00f1as l\u00e1minas v\u00edtreas que recorren una l\u00ednea curva, transmiten placidez y calma, guiando la mirada con la limpieza de sus formas y las sutiles combinaciones crom\u00e1ticas de la colecci\u00f3n  |  \u00b7 colecci\u00f3n vento  \u00b7 L\u00e1mparas colgantes  \u00b7 LED<\/span>\n\n\t\t\n<\/div>\n\n\n    <\/div>\n<\/article>\n\t\t\t\t<div class='filler'><\/div>\n\t\t\t\t\t\t\t<div class='filler'><\/div>\n\t\t\t\t\t\t\t<div class='filler'><\/div>\n\t\t\t<\/div>\n    <\/div>\n[\/vc_column][\/vc_row]<\/p>\n<\/section>","protected":false},"excerpt":{"rendered":"<p>[vc_row row_type=\u00bbrow\u00bb use_row_as_full_screen_section=\u00bbno\u00bb type=\u00bbfull_width\u00bb text_align=\u00bbleft\u00bb background_animation=\u00bbnone\u00bb css_animation=\u00bb\u00bb][vc_column el_class=\u00bbgeogrotesque_title background_dark\u00bb][vc_column_text el_class=\u00bbtitle_collection\u00bb] COLECCI\u00d3N VENTO [\/vc_column_text][\/vc_column][\/vc_row][vc_row row_type=\u00bbrow\u00bb use_row_as_full_screen_section=\u00bbno\u00bb type=\u00bbfull_width\u00bb text_align=\u00bbleft\u00bb background_animation=\u00bbnone\u00bb css_animation=\u00bb\u00bb][vc_column][vc_column_text css=\u00bb.vc_custom_1624429469785{padding-top: 40px !important;padding-bottom: 40px !important;padding-left: 40px !important;}\u00bb] \u2190 TODAS LAS L\u00c1MPARAS [\/vc_column_text][\/vc_column][\/vc_row][vc_row row_type=\u00bbrow\u00bb use_row_as_full_screen_section=\u00bbno\u00bb type=\u00bbfull_width\u00bb text_align=\u00bbleft\u00bb background_animation=\u00bbnone\u00bb css_animation=\u00bb\u00bb][vc_column][\/vc_column][\/vc_row]<\/p>\n","protected":false},"author":1,"featured_media":0,"parent":0,"menu_order":0,"comment_status":"closed","ping_status":"closed","template":"full_width.php","meta":{"inline_featured_image":false,"footnotes":""},"aioseo_notices":[],"_links":{"self":[{"href":"https:\/\/www.a-emotionallight.com\/es\/wp-json\/wp\/v2\/pages\/35015"}],"collection":[{"href":"https:\/\/www.a-emotionallight.com\/es\/wp-json\/wp\/v2\/pages"}],"about":[{"href":"https:\/\/www.a-emotionallight.com\/es\/wp-json\/wp\/v2\/types\/page"}],"author":[{"embeddable":true,"href":"https:\/\/www.a-emotionallight.com\/es\/wp-json\/wp\/v2\/users\/1"}],"replies":[{"embeddable":true,"href":"https:\/\/www.a-emotionallight.com\/es\/wp-json\/wp\/v2\/comments?post=35015"}],"version-history":[{"count":5,"href":"https:\/\/www.a-emotionallight.com\/es\/wp-json\/wp\/v2\/pages\/35015\/revisions"}],"predecessor-version":[{"id":47660,"href":"https:\/\/www.a-emotionallight.com\/es\/wp-json\/wp\/v2\/pages\/35015\/revisions\/47660"}],"wp:attachment":[{"href":"https:\/\/www.a-emotionallight.com\/es\/wp-json\/wp\/v2\/media?parent=35015"}],"curies":[{"name":"wp","href":"https:\/\/api.w.org\/{rel}","templated":true}]}}

colección vento

<section class="wpb-content-wrapper"><p>[vc_row row_type=»row» use_row_as_full_screen_section=»no» type=»full_width» text_align=»left» background_animation=»none» css_animation=»»][vc_column el_class=»geogrotesque_title background_dark»][vc_column_text el_class=»title_collection»]</p>
<h2 style="text-align: center; padding-bottom: 0px;">COLECCIÓN VENTO</h2>
<p>[/vc_column_text][/vc_column][/vc_row][vc_row row_type=»row» use_row_as_full_screen_section=»no» type=»full_width» text_align=»left» background_animation=»none» css_animation=»»][vc_column][vc_column_text css=».vc_custom_1624429469785{padding-top: 40px !important;padding-bottom: 40px !important;padding-left: 40px !important;}»]</p>
<h2 class="button_back_all_lamps" style="text-align: left; text-decoration: none;"><a href="https://www.a-emotionallight.com/es/lamparas/">← TODAS LAS LÁMPARAS</a></h2>
<p>[/vc_column_text][/vc_column][/vc_row][vc_row row_type=»row» use_row_as_full_screen_section=»no» type=»full_width» text_align=»left» background_animation=»none» css_animation=»»][vc_column]<div class='projects_holder_outer v3 portfolio_with_space portfolio_with_hover_text  qode-filter-position-top'>

<div class='projects_holder clearfix v3 hover_text portfolio_default_image '>

<article class="mix portfolio_category_96 portfolio_category_25 portfolio_category_32">
    <div class='image_holder overlapping_title_hover'>
        
<span class='image'><img loading="lazy" decoding="async" width="548" height="498" src="https://www.a-emotionallight.com/wp-content/uploads/2016/03/VN04_thumb.gif" class="attachment-portfolio-default size-portfolio-default wp-post-image" alt="" /></span>
                    <a class='portfolio_link_class' href='https://www.a-emotionallight.com/es/portfolio_page/vento/' target='_self'></a>
		
        <div class="text_holder">
	<h4 class="portfolio_title" > Vento</h4><span class="excerpt search_hidden">
	· 			Ref. VN04-LD  | Una colección hecha en vidrio que evoca el movimiento sinuoso de un viento suave. Estas elegantes luminarias, formadas por la sucesión de pequeñas láminas vítreas que recorren una línea curva, transmiten placidez y calma, guiando la mirada con la limpieza de sus formas y las sutiles combinaciones cromáticas de la colección  |  · colección vento  · Lámparas colgantes  · LED</span>

		
</div>


    </div>
</article>
				<div class='filler'></div>
							<div class='filler'></div>
							<div class='filler'></div>
			</div>
    </div>
[/vc_column][/vc_row]</p>
</section>

<p>[vc_row row_type=»row» use_row_as_full_screen_section=»no» type=»full_width» text_align=»left» background_animation=»none» css_animation=»»][vc_column el_class=»geogrotesque_title background_dark»][vc_column_text el_class=»title_collection»] COLECCIÓN VENTO [/vc_column_text][/vc_column][/vc_row][vc_row row_type=»row» use_row_as_full_screen_section=»no» type=»full_width» text_align=»left» background_animation=»none» css_animation=»»][vc_column][vc_column_text css=».vc_custom_1624429469785{padding-top: 40px !important;padding-bottom: 40px !important;padding-left: 40px !important;}»] ← TODAS LAS LÁMPARAS [/vc_column_text][/vc_column][/vc_row][vc_row row_type=»row» use_row_as_full_screen_section=»no» type=»full_width» text_align=»left» background_animation=»none» css_animation=»»][vc_column][/vc_column][/vc_row]</p>
