{"id":35018,"date":"2018-11-13T10:25:26","date_gmt":"2018-11-13T10:25:26","guid":{"rendered":"https:\/\/www.a-emotionallight.com\/v-collection\/"},"modified":"2022-12-31T15:57:43","modified_gmt":"2022-12-31T15:57:43","slug":"coleccion-v","status":"publish","type":"page","link":"https:\/\/www.a-emotionallight.com\/es\/coleccion-v\/","title":{"rendered":"colecci\u00f3n v"},"content":{"rendered":"<section class=\"wpb-content-wrapper\"><p>[vc_row row_type=\u00bbrow\u00bb use_row_as_full_screen_section=\u00bbno\u00bb type=\u00bbfull_width\u00bb text_align=\u00bbleft\u00bb background_animation=\u00bbnone\u00bb css_animation=\u00bb\u00bb][vc_column el_class=\u00bbgeogrotesque_title background_dark\u00bb][vc_column_text el_class=\u00bbtitle_collection\u00bb]<\/p>\n<h2 style=\"text-align: center; padding-bottom: 0px;\">COLECCI\u00d3N V<\/h2>\n<p>[\/vc_column_text][\/vc_column][\/vc_row][vc_row row_type=\u00bbrow\u00bb use_row_as_full_screen_section=\u00bbno\u00bb type=\u00bbfull_width\u00bb text_align=\u00bbleft\u00bb background_animation=\u00bbnone\u00bb css_animation=\u00bb\u00bb][vc_column][vc_column_text css=\u00bb.vc_custom_1624429440040{padding-top: 40px !important;padding-bottom: 40px !important;padding-left: 40px !important;}\u00bb]<\/p>\n<h2 class=\"button_back_all_lamps\" style=\"text-align: left; text-decoration: none;\"><a href=\"https:\/\/www.a-emotionallight.com\/es\/lamparas\/\">\u2190 TODAS LAS L\u00c1MPARAS<\/a><\/h2>\n<p>[\/vc_column_text][\/vc_column][\/vc_row][vc_row row_type=\u00bbrow\u00bb use_row_as_full_screen_section=\u00bbno\u00bb type=\u00bbfull_width\u00bb text_align=\u00bbleft\u00bb background_animation=\u00bbnone\u00bb css_animation=\u00bb\u00bb][vc_column]<div class='projects_holder_outer v3 portfolio_with_space portfolio_with_hover_text  qode-filter-position-top'>\n\n<div class='projects_holder clearfix v3 hover_text portfolio_default_image '>\n\n<article class=\"mix portfolio_category_95 portfolio_category_33\">\n    <div class='image_holder overlapping_title_hover'>\n        \n<span class='image'><img loading=\"lazy\" decoding=\"async\" width=\"548\" height=\"498\" src=\"https:\/\/www.a-emotionallight.com\/wp-content\/uploads\/2016\/03\/VV03_thumb.jpg\" class=\"attachment-portfolio-default size-portfolio-default wp-post-image\" alt=\"\" \/><\/span>\n                    <a class='portfolio_link_class' href='https:\/\/www.a-emotionallight.com\/es\/portfolio_page\/v\/' target='_self'><\/a>\n\t\t\n        <div class=\"text_holder\">\n\t<h4 class=\"portfolio_title\" > V<\/h4><span class=\"excerpt search_hidden\">\n\t\u00b7 \t\t\tRef.\u00a0VV03  | Esta l\u00e1mpara fue dise\u00f1ada por H\u00e9ctor Serrano. Una forma espacial, pero cercana y posible, que nos emociona y con la que nos identificamos, a trav\u00e9s de lo extraordinario y fant\u00e1stico. Mediante la tecnolog\u00eda de inyecci\u00f3n de pl\u00e1stico se consigue una familia de luminarias que a trav\u00e9s de sus lamas, combinadas de forma geom\u00e9trica, nos sumergen en un mundo on\u00edrico  |  \u00b7 colecci\u00f3n v  \u00b7 L\u00e1mparas de pie<\/span>\n\n\t\t\n<\/div>\n\n\n    <\/div>\n<\/article>\n<article class=\"mix portfolio_category_95 portfolio_category_25\">\n    <div class='image_holder overlapping_title_hover'>\n        \n<span class='image'><img loading=\"lazy\" decoding=\"async\" width=\"548\" height=\"498\" src=\"https:\/\/www.a-emotionallight.com\/wp-content\/uploads\/2016\/03\/VV04G_thumb.jpg\" class=\"attachment-portfolio-default size-portfolio-default wp-post-image\" alt=\"\" \/><\/span>\n                    <a class='portfolio_link_class' href='https:\/\/www.a-emotionallight.com\/es\/portfolio_page\/v-grande\/' target='_self'><\/a>\n\t\t\n        <div class=\"text_holder\">\n\t<h4 class=\"portfolio_title\" > V Grande<\/h4><span class=\"excerpt search_hidden\">\n\t\u00b7 \t\t\tRef.\u00a0VV04G  | Esta l\u00e1mpara fue dise\u00f1ada por H\u00e9ctor Serrano. Una forma espacial, pero cercana y posible, que nos emociona y con la que nos identificamos, a trav\u00e9s de lo extraordinario y fant\u00e1stico. Mediante la tecnolog\u00eda de inyecci\u00f3n de pl\u00e1stico se consigue una familia de luminarias que a trav\u00e9s de sus lamas, combinadas de forma geom\u00e9trica, nos sumergen en un mundo on\u00edrico  |  \u00b7 colecci\u00f3n v  \u00b7 L\u00e1mparas colgantes<\/span>\n\n\t\t\n<\/div>\n\n\n    <\/div>\n<\/article>\n<article class=\"mix portfolio_category_95 portfolio_category_25\">\n    <div class='image_holder overlapping_title_hover'>\n        \n<span class='image'><img loading=\"lazy\" decoding=\"async\" width=\"548\" height=\"498\" src=\"https:\/\/www.a-emotionallight.com\/wp-content\/uploads\/2016\/03\/VV04_thumb.jpg\" class=\"attachment-portfolio-default size-portfolio-default wp-post-image\" alt=\"\" \/><\/span>\n                    <a class='portfolio_link_class' href='https:\/\/www.a-emotionallight.com\/es\/portfolio_page\/v-mediana\/' target='_self'><\/a>\n\t\t\n        <div class=\"text_holder\">\n\t<h4 class=\"portfolio_title\" > V Mediana<\/h4><span class=\"excerpt search_hidden\">\n\t\u00b7 \t\t\tRef.\u00a0VV04  | Esta l\u00e1mpara fue dise\u00f1ada por H\u00e9ctor Serrano. Una forma espacial, pero cercana y posible, que nos emociona y con la que nos identificamos, a trav\u00e9s de lo extraordinario y fant\u00e1stico. Mediante la tecnolog\u00eda de inyecci\u00f3n de pl\u00e1stico se consigue una familia de luminarias que a trav\u00e9s de sus lamas, combinadas de forma geom\u00e9trica, nos sumergen en un mundo on\u00edrico  |  \u00b7 colecci\u00f3n v  \u00b7 L\u00e1mparas colgantes<\/span>\n\n\t\t\n<\/div>\n\n\n    <\/div>\n<\/article>\n\t\t\t\t<div class='filler'><\/div>\n\t\t\t\t\t\t\t<div class='filler'><\/div>\n\t\t\t\t\t\t\t<div class='filler'><\/div>\n\t\t\t<\/div>\n    <\/div>\n[\/vc_column][\/vc_row]<\/p>\n<\/section>","protected":false},"excerpt":{"rendered":"<p>[vc_row row_type=\u00bbrow\u00bb use_row_as_full_screen_section=\u00bbno\u00bb type=\u00bbfull_width\u00bb text_align=\u00bbleft\u00bb background_animation=\u00bbnone\u00bb css_animation=\u00bb\u00bb][vc_column el_class=\u00bbgeogrotesque_title background_dark\u00bb][vc_column_text el_class=\u00bbtitle_collection\u00bb] COLECCI\u00d3N V [\/vc_column_text][\/vc_column][\/vc_row][vc_row row_type=\u00bbrow\u00bb use_row_as_full_screen_section=\u00bbno\u00bb type=\u00bbfull_width\u00bb text_align=\u00bbleft\u00bb background_animation=\u00bbnone\u00bb css_animation=\u00bb\u00bb][vc_column][vc_column_text css=\u00bb.vc_custom_1624429440040{padding-top: 40px !important;padding-bottom: 40px !important;padding-left: 40px !important;}\u00bb] \u2190 TODAS LAS L\u00c1MPARAS [\/vc_column_text][\/vc_column][\/vc_row][vc_row row_type=\u00bbrow\u00bb use_row_as_full_screen_section=\u00bbno\u00bb type=\u00bbfull_width\u00bb text_align=\u00bbleft\u00bb background_animation=\u00bbnone\u00bb css_animation=\u00bb\u00bb][vc_column][\/vc_column][\/vc_row]<\/p>\n","protected":false},"author":1,"featured_media":0,"parent":0,"menu_order":0,"comment_status":"closed","ping_status":"closed","template":"full_width.php","meta":{"inline_featured_image":false,"footnotes":""},"aioseo_notices":[],"_links":{"self":[{"href":"https:\/\/www.a-emotionallight.com\/es\/wp-json\/wp\/v2\/pages\/35018"}],"collection":[{"href":"https:\/\/www.a-emotionallight.com\/es\/wp-json\/wp\/v2\/pages"}],"about":[{"href":"https:\/\/www.a-emotionallight.com\/es\/wp-json\/wp\/v2\/types\/page"}],"author":[{"embeddable":true,"href":"https:\/\/www.a-emotionallight.com\/es\/wp-json\/wp\/v2\/users\/1"}],"replies":[{"embeddable":true,"href":"https:\/\/www.a-emotionallight.com\/es\/wp-json\/wp\/v2\/comments?post=35018"}],"version-history":[{"count":6,"href":"https:\/\/www.a-emotionallight.com\/es\/wp-json\/wp\/v2\/pages\/35018\/revisions"}],"predecessor-version":[{"id":47659,"href":"https:\/\/www.a-emotionallight.com\/es\/wp-json\/wp\/v2\/pages\/35018\/revisions\/47659"}],"wp:attachment":[{"href":"https:\/\/www.a-emotionallight.com\/es\/wp-json\/wp\/v2\/media?parent=35018"}],"curies":[{"name":"wp","href":"https:\/\/api.w.org\/{rel}","templated":true}]}}

colección v

<section class="wpb-content-wrapper"><p>[vc_row row_type=»row» use_row_as_full_screen_section=»no» type=»full_width» text_align=»left» background_animation=»none» css_animation=»»][vc_column el_class=»geogrotesque_title background_dark»][vc_column_text el_class=»title_collection»]</p>
<h2 style="text-align: center; padding-bottom: 0px;">COLECCIÓN V</h2>
<p>[/vc_column_text][/vc_column][/vc_row][vc_row row_type=»row» use_row_as_full_screen_section=»no» type=»full_width» text_align=»left» background_animation=»none» css_animation=»»][vc_column][vc_column_text css=».vc_custom_1624429440040{padding-top: 40px !important;padding-bottom: 40px !important;padding-left: 40px !important;}»]</p>
<h2 class="button_back_all_lamps" style="text-align: left; text-decoration: none;"><a href="https://www.a-emotionallight.com/es/lamparas/">← TODAS LAS LÁMPARAS</a></h2>
<p>[/vc_column_text][/vc_column][/vc_row][vc_row row_type=»row» use_row_as_full_screen_section=»no» type=»full_width» text_align=»left» background_animation=»none» css_animation=»»][vc_column]<div class='projects_holder_outer v3 portfolio_with_space portfolio_with_hover_text  qode-filter-position-top'>

<div class='projects_holder clearfix v3 hover_text portfolio_default_image '>

<article class="mix portfolio_category_95 portfolio_category_33">
    <div class='image_holder overlapping_title_hover'>
        
<span class='image'><img loading="lazy" decoding="async" width="548" height="498" src="https://www.a-emotionallight.com/wp-content/uploads/2016/03/VV03_thumb.jpg" class="attachment-portfolio-default size-portfolio-default wp-post-image" alt="" /></span>
                    <a class='portfolio_link_class' href='https://www.a-emotionallight.com/es/portfolio_page/v/' target='_self'></a>
		
        <div class="text_holder">
	<h4 class="portfolio_title" > V</h4><span class="excerpt search_hidden">
	· 			Ref. VV03  | Esta lámpara fue diseñada por Héctor Serrano. Una forma espacial, pero cercana y posible, que nos emociona y con la que nos identificamos, a través de lo extraordinario y fantástico. Mediante la tecnología de inyección de plástico se consigue una familia de luminarias que a través de sus lamas, combinadas de forma geométrica, nos sumergen en un mundo onírico  |  · colección v  · Lámparas de pie</span>

		
</div>


    </div>
</article>
<article class="mix portfolio_category_95 portfolio_category_25">
    <div class='image_holder overlapping_title_hover'>
        
<span class='image'><img loading="lazy" decoding="async" width="548" height="498" src="https://www.a-emotionallight.com/wp-content/uploads/2016/03/VV04G_thumb.jpg" class="attachment-portfolio-default size-portfolio-default wp-post-image" alt="" /></span>
                    <a class='portfolio_link_class' href='https://www.a-emotionallight.com/es/portfolio_page/v-grande/' target='_self'></a>
		
        <div class="text_holder">
	<h4 class="portfolio_title" > V Grande</h4><span class="excerpt search_hidden">
	· 			Ref. VV04G  | Esta lámpara fue diseñada por Héctor Serrano. Una forma espacial, pero cercana y posible, que nos emociona y con la que nos identificamos, a través de lo extraordinario y fantástico. Mediante la tecnología de inyección de plástico se consigue una familia de luminarias que a través de sus lamas, combinadas de forma geométrica, nos sumergen en un mundo onírico  |  · colección v  · Lámparas colgantes</span>

		
</div>


    </div>
</article>
<article class="mix portfolio_category_95 portfolio_category_25">
    <div class='image_holder overlapping_title_hover'>
        
<span class='image'><img loading="lazy" decoding="async" width="548" height="498" src="https://www.a-emotionallight.com/wp-content/uploads/2016/03/VV04_thumb.jpg" class="attachment-portfolio-default size-portfolio-default wp-post-image" alt="" /></span>
                    <a class='portfolio_link_class' href='https://www.a-emotionallight.com/es/portfolio_page/v-mediana/' target='_self'></a>
		
        <div class="text_holder">
	<h4 class="portfolio_title" > V Mediana</h4><span class="excerpt search_hidden">
	· 			Ref. VV04  | Esta lámpara fue diseñada por Héctor Serrano. Una forma espacial, pero cercana y posible, que nos emociona y con la que nos identificamos, a través de lo extraordinario y fantástico. Mediante la tecnología de inyección de plástico se consigue una familia de luminarias que a través de sus lamas, combinadas de forma geométrica, nos sumergen en un mundo onírico  |  · colección v  · Lámparas colgantes</span>

		
</div>


    </div>
</article>
				<div class='filler'></div>
							<div class='filler'></div>
							<div class='filler'></div>
			</div>
    </div>
[/vc_column][/vc_row]</p>
</section>

<p>[vc_row row_type=»row» use_row_as_full_screen_section=»no» type=»full_width» text_align=»left» background_animation=»none» css_animation=»»][vc_column el_class=»geogrotesque_title background_dark»][vc_column_text el_class=»title_collection»] COLECCIÓN V [/vc_column_text][/vc_column][/vc_row][vc_row row_type=»row» use_row_as_full_screen_section=»no» type=»full_width» text_align=»left» background_animation=»none» css_animation=»»][vc_column][vc_column_text css=».vc_custom_1624429440040{padding-top: 40px !important;padding-bottom: 40px !important;padding-left: 40px !important;}»] ← TODAS LAS LÁMPARAS [/vc_column_text][/vc_column][/vc_row][vc_row row_type=»row» use_row_as_full_screen_section=»no» type=»full_width» text_align=»left» background_animation=»none» css_animation=»»][vc_column][/vc_column][/vc_row]</p>
